{"id":68,"date":"2020-06-03T20:11:05","date_gmt":"2020-06-03T17:11:05","guid":{"rendered":"http:\/\/demo.safirtema.com\/rota\/?page_id=68"},"modified":"2026-03-05T02:06:25","modified_gmt":"2026-03-04T23:06:25","slug":"foto-galeri","status":"publish","type":"page","link":"http:\/\/www.kyrreklam.com\/?page_id=68","title":{"rendered":"Foto Galeri (Lightbox)"},"content":{"rendered":"\n<p>Bu sayfada temadaki dahili Lightbox \u00f6zelli\u011fi ile eklenen bir galeri g\u00f6rmektesiniz. Lightbox \u00f6zelli\u011fini tema ayarlar\u0131ndan pasif edip kendi Lighbox eklentinizi de kullanabilirsiniz. Ayn\u0131 galerinin yeni sayfada a\u00e7\u0131lan haline <a href=\"http:\/\/www.kyrreklam.com\/foto-galeri-sayfali\/\" data-type=\"page\" data-id=\"54\">buradan<\/a> ula\u015fabilirsiniz.<\/p>\n\n\n\n<figure class=\"wp-block-gallery has-nested-images columns-4 is-cropped wp-block-gallery-1 is-layout-flex wp-block-gallery-is-layout-flex\">\n<figure class=\"wp-block-image size-full\"><a href=\"http:\/\/www.kyrreklam.com\/wp-content\/uploads\/20840828_588190194871506_1613676869663513605_n_588190194871506-1.jpg\"><img loading=\"lazy\" decoding=\"async\" width=\"960\" height=\"720\" data-id=\"562\" src=\"http:\/\/www.kyrreklam.com\/wp-content\/uploads\/20840828_588190194871506_1613676869663513605_n_588190194871506-1.jpg\" alt=\"\" class=\"wp-image-562\" srcset=\"http:\/\/www.kyrreklam.com\/wp-content\/uploads\/20840828_588190194871506_1613676869663513605_n_588190194871506-1.jpg 960w, http:\/\/www.kyrreklam.com\/wp-content\/uploads\/20840828_588190194871506_1613676869663513605_n_588190194871506-1-300x225.jpg 300w, http:\/\/www.kyrreklam.com\/wp-content\/uploads\/20840828_588190194871506_1613676869663513605_n_588190194871506-1-768x576.jpg 768w\" sizes=\"auto, (max-width: 960px) 100vw, 960px\" \/><\/a><\/figure>\n\n\n\n<figure class=\"wp-block-image size-large\"><a href=\"http:\/\/www.kyrreklam.com\/wp-content\/uploads\/IMG_5610-1-scaled.jpg\"><img loading=\"lazy\" decoding=\"async\" width=\"1024\" height=\"768\" data-id=\"525\" src=\"http:\/\/www.kyrreklam.com\/wp-content\/uploads\/IMG_5610-1-1024x768.jpg\" alt=\"\" class=\"wp-image-525\" srcset=\"http:\/\/www.kyrreklam.com\/wp-content\/uploads\/IMG_5610-1-1024x768.jpg 1024w, http:\/\/www.kyrreklam.com\/wp-content\/uploads\/IMG_5610-1-300x225.jpg 300w, http:\/\/www.kyrreklam.com\/wp-content\/uploads\/IMG_5610-1-768x576.jpg 768w, http:\/\/www.kyrreklam.com\/wp-content\/uploads\/IMG_5610-1-1536x1152.jpg 1536w, http:\/\/www.kyrreklam.com\/wp-content\/uploads\/IMG_5610-1-2048x1536.jpg 2048w\" sizes=\"auto, (max-width: 1024px) 100vw, 1024px\" \/><\/a><\/figure>\n\n\n\n<figure class=\"wp-block-image size-full\"><a href=\"http:\/\/www.kyrreklam.com\/wp-content\/uploads\/334796132_580783334036466_6384942276329027579_n_2045028202521024.jpg\"><img loading=\"lazy\" decoding=\"async\" width=\"1024\" height=\"768\" data-id=\"746\" src=\"http:\/\/www.kyrreklam.com\/wp-content\/uploads\/334796132_580783334036466_6384942276329027579_n_2045028202521024.jpg\" alt=\"\" class=\"wp-image-746\" srcset=\"http:\/\/www.kyrreklam.com\/wp-content\/uploads\/334796132_580783334036466_6384942276329027579_n_2045028202521024.jpg 1024w, http:\/\/www.kyrreklam.com\/wp-content\/uploads\/334796132_580783334036466_6384942276329027579_n_2045028202521024-300x225.jpg 300w, http:\/\/www.kyrreklam.com\/wp-content\/uploads\/334796132_580783334036466_6384942276329027579_n_2045028202521024-768x576.jpg 768w\" sizes=\"auto, (max-width: 1024px) 100vw, 1024px\" \/><\/a><\/figure>\n\n\n\n<figure class=\"wp-block-image size-large\"><a href=\"http:\/\/www.kyrreklam.com\/wp-content\/uploads\/253492592_1687020354988479_3369855741887846767_n_1687020361655145.jpg\"><img loading=\"lazy\" decoding=\"async\" width=\"461\" height=\"1024\" data-id=\"649\" src=\"http:\/\/www.kyrreklam.com\/wp-content\/uploads\/253492592_1687020354988479_3369855741887846767_n_1687020361655145-461x1024.jpg\" alt=\"\" class=\"wp-image-649\" srcset=\"http:\/\/www.kyrreklam.com\/wp-content\/uploads\/253492592_1687020354988479_3369855741887846767_n_1687020361655145-461x1024.jpg 461w, http:\/\/www.kyrreklam.com\/wp-content\/uploads\/253492592_1687020354988479_3369855741887846767_n_1687020361655145-135x300.jpg 135w, http:\/\/www.kyrreklam.com\/wp-content\/uploads\/253492592_1687020354988479_3369855741887846767_n_1687020361655145.jpg 640w\" sizes=\"auto, (max-width: 461px) 100vw, 461px\" \/><\/a><\/figure>\n\n\n\n<figure class=\"wp-block-image size-full\"><a href=\"http:\/\/www.kyrreklam.com\/wp-content\/uploads\/331548566_487150843436714_325501977648847534_n_2033155157041662.jpg\"><img loading=\"lazy\" decoding=\"async\" width=\"720\" height=\"960\" data-id=\"665\" src=\"http:\/\/www.kyrreklam.com\/wp-content\/uploads\/331548566_487150843436714_325501977648847534_n_2033155157041662.jpg\" alt=\"\" class=\"wp-image-665\" srcset=\"http:\/\/www.kyrreklam.com\/wp-content\/uploads\/331548566_487150843436714_325501977648847534_n_2033155157041662.jpg 720w, http:\/\/www.kyrreklam.com\/wp-content\/uploads\/331548566_487150843436714_325501977648847534_n_2033155157041662-225x300.jpg 225w\" sizes=\"auto, (max-width: 720px) 100vw, 720px\" \/><\/a><\/figure>\n\n\n\n<figure class=\"wp-block-image size-large\"><a href=\"http:\/\/www.kyrreklam.com\/wp-content\/uploads\/308590960_1916992945324551_4816908707115031878_n_1916992681991244.jpg\"><img loading=\"lazy\" decoding=\"async\" width=\"1024\" height=\"768\" data-id=\"675\" src=\"http:\/\/www.kyrreklam.com\/wp-content\/uploads\/308590960_1916992945324551_4816908707115031878_n_1916992681991244-1024x768.jpg\" alt=\"\" class=\"wp-image-675\" srcset=\"http:\/\/www.kyrreklam.com\/wp-content\/uploads\/308590960_1916992945324551_4816908707115031878_n_1916992681991244-1024x768.jpg 1024w, http:\/\/www.kyrreklam.com\/wp-content\/uploads\/308590960_1916992945324551_4816908707115031878_n_1916992681991244-300x225.jpg 300w, http:\/\/www.kyrreklam.com\/wp-content\/uploads\/308590960_1916992945324551_4816908707115031878_n_1916992681991244-768x576.jpg 768w, http:\/\/www.kyrreklam.com\/wp-content\/uploads\/308590960_1916992945324551_4816908707115031878_n_1916992681991244-1536x1152.jpg 1536w, http:\/\/www.kyrreklam.com\/wp-content\/uploads\/308590960_1916992945324551_4816908707115031878_n_1916992681991244.jpg 1656w\" sizes=\"auto, (max-width: 1024px) 100vw, 1024px\" \/><\/a><\/figure>\n\n\n\n<figure class=\"wp-block-image size-full\"><a href=\"http:\/\/www.kyrreklam.com\/wp-content\/uploads\/12715621_197707153919814_5598904802070014096_n_197707153919814.jpg\"><img loading=\"lazy\" decoding=\"async\" width=\"960\" height=\"720\" data-id=\"679\" src=\"http:\/\/www.kyrreklam.com\/wp-content\/uploads\/12715621_197707153919814_5598904802070014096_n_197707153919814.jpg\" alt=\"\" class=\"wp-image-679\" srcset=\"http:\/\/www.kyrreklam.com\/wp-content\/uploads\/12715621_197707153919814_5598904802070014096_n_197707153919814.jpg 960w, http:\/\/www.kyrreklam.com\/wp-content\/uploads\/12715621_197707153919814_5598904802070014096_n_197707153919814-300x225.jpg 300w, http:\/\/www.kyrreklam.com\/wp-content\/uploads\/12715621_197707153919814_5598904802070014096_n_197707153919814-768x576.jpg 768w\" sizes=\"auto, (max-width: 960px) 100vw, 960px\" \/><\/a><\/figure>\n\n\n\n<figure class=\"wp-block-image size-large\"><a href=\"http:\/\/www.kyrreklam.com\/wp-content\/uploads\/275023904_1765181587172355_6233780085732059154_n_1765180960505751.jpg\"><img loading=\"lazy\" decoding=\"async\" width=\"1024\" height=\"576\" data-id=\"707\" src=\"http:\/\/www.kyrreklam.com\/wp-content\/uploads\/275023904_1765181587172355_6233780085732059154_n_1765180960505751-1024x576.jpg\" alt=\"\" class=\"wp-image-707\" srcset=\"http:\/\/www.kyrreklam.com\/wp-content\/uploads\/275023904_1765181587172355_6233780085732059154_n_1765180960505751-1024x576.jpg 1024w, http:\/\/www.kyrreklam.com\/wp-content\/uploads\/275023904_1765181587172355_6233780085732059154_n_1765180960505751-300x169.jpg 300w, http:\/\/www.kyrreklam.com\/wp-content\/uploads\/275023904_1765181587172355_6233780085732059154_n_1765180960505751-768x432.jpg 768w, http:\/\/www.kyrreklam.com\/wp-content\/uploads\/275023904_1765181587172355_6233780085732059154_n_1765180960505751-1536x864.jpg 1536w, http:\/\/www.kyrreklam.com\/wp-content\/uploads\/275023904_1765181587172355_6233780085732059154_n_1765180960505751.jpg 2048w\" sizes=\"auto, (max-width: 1024px) 100vw, 1024px\" \/><\/a><\/figure>\n\n\n\n<figure class=\"wp-block-image size-large\"><a href=\"http:\/\/www.kyrreklam.com\/wp-content\/uploads\/279248148_1802957386728108_3625626127604533933_n_1802956243394889.jpg\"><img loading=\"lazy\" decoding=\"async\" width=\"1024\" height=\"576\" data-id=\"718\" src=\"http:\/\/www.kyrreklam.com\/wp-content\/uploads\/279248148_1802957386728108_3625626127604533933_n_1802956243394889-1024x576.jpg\" alt=\"\" class=\"wp-image-718\" srcset=\"http:\/\/www.kyrreklam.com\/wp-content\/uploads\/279248148_1802957386728108_3625626127604533933_n_1802956243394889-1024x576.jpg 1024w, http:\/\/www.kyrreklam.com\/wp-content\/uploads\/279248148_1802957386728108_3625626127604533933_n_1802956243394889-300x169.jpg 300w, http:\/\/www.kyrreklam.com\/wp-content\/uploads\/279248148_1802957386728108_3625626127604533933_n_1802956243394889-768x432.jpg 768w, http:\/\/www.kyrreklam.com\/wp-content\/uploads\/279248148_1802957386728108_3625626127604533933_n_1802956243394889-1536x864.jpg 1536w, http:\/\/www.kyrreklam.com\/wp-content\/uploads\/279248148_1802957386728108_3625626127604533933_n_1802956243394889.jpg 1600w\" sizes=\"auto, (max-width: 1024px) 100vw, 1024px\" \/><\/a><\/figure>\n\n\n\n<figure class=\"wp-block-image size-full\"><a href=\"http:\/\/www.kyrreklam.com\/wp-content\/uploads\/1000025_199018677121995_1670305139231654736_n_199018677121995.jpg\"><img loading=\"lazy\" decoding=\"async\" width=\"960\" height=\"960\" data-id=\"722\" src=\"http:\/\/www.kyrreklam.com\/wp-content\/uploads\/1000025_199018677121995_1670305139231654736_n_199018677121995.jpg\" alt=\"\" class=\"wp-image-722\" srcset=\"http:\/\/www.kyrreklam.com\/wp-content\/uploads\/1000025_199018677121995_1670305139231654736_n_199018677121995.jpg 960w, http:\/\/www.kyrreklam.com\/wp-content\/uploads\/1000025_199018677121995_1670305139231654736_n_199018677121995-300x300.jpg 300w, http:\/\/www.kyrreklam.com\/wp-content\/uploads\/1000025_199018677121995_1670305139231654736_n_199018677121995-150x150.jpg 150w, http:\/\/www.kyrreklam.com\/wp-content\/uploads\/1000025_199018677121995_1670305139231654736_n_199018677121995-768x768.jpg 768w\" sizes=\"auto, (max-width: 960px) 100vw, 960px\" \/><\/a><\/figure>\n\n\n\n<figure class=\"wp-block-image size-large\"><a href=\"http:\/\/www.kyrreklam.com\/wp-content\/uploads\/335082062_524248199885223_6840905321388343438_n_2045022329188278.jpg\"><img loading=\"lazy\" decoding=\"async\" width=\"1024\" height=\"1024\" data-id=\"737\" src=\"http:\/\/www.kyrreklam.com\/wp-content\/uploads\/335082062_524248199885223_6840905321388343438_n_2045022329188278-1024x1024.jpg\" alt=\"\" class=\"wp-image-737\" srcset=\"http:\/\/www.kyrreklam.com\/wp-content\/uploads\/335082062_524248199885223_6840905321388343438_n_2045022329188278-1024x1024.jpg 1024w, http:\/\/www.kyrreklam.com\/wp-content\/uploads\/335082062_524248199885223_6840905321388343438_n_2045022329188278-300x300.jpg 300w, http:\/\/www.kyrreklam.com\/wp-content\/uploads\/335082062_524248199885223_6840905321388343438_n_2045022329188278-150x150.jpg 150w, http:\/\/www.kyrreklam.com\/wp-content\/uploads\/335082062_524248199885223_6840905321388343438_n_2045022329188278-768x768.jpg 768w, http:\/\/www.kyrreklam.com\/wp-content\/uploads\/335082062_524248199885223_6840905321388343438_n_2045022329188278.jpg 1528w\" sizes=\"auto, (max-width: 1024px) 100vw, 1024px\" \/><\/a><\/figure>\n\n\n\n<figure class=\"wp-block-image size-large\"><a href=\"http:\/\/www.kyrreklam.com\/wp-content\/uploads\/334752011_163835499831794_4024651588447931158_n_2045021399188371.jpg\"><img loading=\"lazy\" decoding=\"async\" width=\"1024\" height=\"576\" data-id=\"740\" src=\"http:\/\/www.kyrreklam.com\/wp-content\/uploads\/334752011_163835499831794_4024651588447931158_n_2045021399188371-1024x576.jpg\" alt=\"\" class=\"wp-image-740\" srcset=\"http:\/\/www.kyrreklam.com\/wp-content\/uploads\/334752011_163835499831794_4024651588447931158_n_2045021399188371-1024x576.jpg 1024w, http:\/\/www.kyrreklam.com\/wp-content\/uploads\/334752011_163835499831794_4024651588447931158_n_2045021399188371-300x169.jpg 300w, http:\/\/www.kyrreklam.com\/wp-content\/uploads\/334752011_163835499831794_4024651588447931158_n_2045021399188371-768x432.jpg 768w, http:\/\/www.kyrreklam.com\/wp-content\/uploads\/334752011_163835499831794_4024651588447931158_n_2045021399188371-1536x864.jpg 1536w, http:\/\/www.kyrreklam.com\/wp-content\/uploads\/334752011_163835499831794_4024651588447931158_n_2045021399188371.jpg 2048w\" sizes=\"auto, (max-width: 1024px) 100vw, 1024px\" \/><\/a><\/figure>\n\n\n\n<figure class=\"wp-block-image size-large\"><a href=\"http:\/\/www.kyrreklam.com\/wp-content\/uploads\/645392373_2926082427748926_3788669892932965994_n-2.jpg\"><img loading=\"lazy\" decoding=\"async\" width=\"1024\" height=\"576\" data-id=\"1098\" src=\"http:\/\/www.kyrreklam.com\/wp-content\/uploads\/645392373_2926082427748926_3788669892932965994_n-2-1024x576.jpg\" alt=\"\" class=\"wp-image-1098\" srcset=\"http:\/\/www.kyrreklam.com\/wp-content\/uploads\/645392373_2926082427748926_3788669892932965994_n-2-1024x576.jpg 1024w, http:\/\/www.kyrreklam.com\/wp-content\/uploads\/645392373_2926082427748926_3788669892932965994_n-2-300x169.jpg 300w, http:\/\/www.kyrreklam.com\/wp-content\/uploads\/645392373_2926082427748926_3788669892932965994_n-2-768x432.jpg 768w, http:\/\/www.kyrreklam.com\/wp-content\/uploads\/645392373_2926082427748926_3788669892932965994_n-2-1536x864.jpg 1536w, http:\/\/www.kyrreklam.com\/wp-content\/uploads\/645392373_2926082427748926_3788669892932965994_n-2.jpg 2040w\" sizes=\"auto, (max-width: 1024px) 100vw, 1024px\" \/><\/a><\/figure>\n\n\n\n<figure class=\"wp-block-image size-large\"><a href=\"http:\/\/www.kyrreklam.com\/wp-content\/uploads\/646165471_2926089237748245_6090598230456186325_n.jpg\"><img loading=\"lazy\" decoding=\"async\" width=\"1024\" height=\"768\" data-id=\"1083\" src=\"http:\/\/www.kyrreklam.com\/wp-content\/uploads\/646165471_2926089237748245_6090598230456186325_n-1024x768.jpg\" alt=\"\" class=\"wp-image-1083\" srcset=\"http:\/\/www.kyrreklam.com\/wp-content\/uploads\/646165471_2926089237748245_6090598230456186325_n-1024x768.jpg 1024w, http:\/\/www.kyrreklam.com\/wp-content\/uploads\/646165471_2926089237748245_6090598230456186325_n-300x225.jpg 300w, http:\/\/www.kyrreklam.com\/wp-content\/uploads\/646165471_2926089237748245_6090598230456186325_n-768x576.jpg 768w, http:\/\/www.kyrreklam.com\/wp-content\/uploads\/646165471_2926089237748245_6090598230456186325_n-1536x1152.jpg 1536w, http:\/\/www.kyrreklam.com\/wp-content\/uploads\/646165471_2926089237748245_6090598230456186325_n.jpg 1600w\" sizes=\"auto, (max-width: 1024px) 100vw, 1024px\" \/><\/a><\/figure>\n\n\n\n<figure class=\"wp-block-image size-large\"><a href=\"http:\/\/www.kyrreklam.com\/wp-content\/uploads\/547773052_2760445084312662_7769104668186350130_n.jpg\"><img loading=\"lazy\" decoding=\"async\" width=\"768\" height=\"1024\" data-id=\"1063\" src=\"http:\/\/www.kyrreklam.com\/wp-content\/uploads\/547773052_2760445084312662_7769104668186350130_n-768x1024.jpg\" alt=\"\" class=\"wp-image-1063\" srcset=\"http:\/\/www.kyrreklam.com\/wp-content\/uploads\/547773052_2760445084312662_7769104668186350130_n-768x1024.jpg 768w, http:\/\/www.kyrreklam.com\/wp-content\/uploads\/547773052_2760445084312662_7769104668186350130_n-225x300.jpg 225w, http:\/\/www.kyrreklam.com\/wp-content\/uploads\/547773052_2760445084312662_7769104668186350130_n-1152x1536.jpg 1152w, http:\/\/www.kyrreklam.com\/wp-content\/uploads\/547773052_2760445084312662_7769104668186350130_n.jpg 1536w\" sizes=\"auto, (max-width: 768px) 100vw, 768px\" \/><\/a><\/figure>\n\n\n\n<figure class=\"wp-block-image size-large\"><a href=\"http:\/\/www.kyrreklam.com\/wp-content\/uploads\/547635128_2760445304312640_6099854605318346778_n-1.jpg\"><img loading=\"lazy\" decoding=\"async\" width=\"1024\" height=\"768\" data-id=\"1074\" src=\"http:\/\/www.kyrreklam.com\/wp-content\/uploads\/547635128_2760445304312640_6099854605318346778_n-1-1024x768.jpg\" alt=\"\" class=\"wp-image-1074\" srcset=\"http:\/\/www.kyrreklam.com\/wp-content\/uploads\/547635128_2760445304312640_6099854605318346778_n-1-1024x768.jpg 1024w, http:\/\/www.kyrreklam.com\/wp-content\/uploads\/547635128_2760445304312640_6099854605318346778_n-1-300x225.jpg 300w, http:\/\/www.kyrreklam.com\/wp-content\/uploads\/547635128_2760445304312640_6099854605318346778_n-1-768x576.jpg 768w, http:\/\/www.kyrreklam.com\/wp-content\/uploads\/547635128_2760445304312640_6099854605318346778_n-1-1536x1152.jpg 1536w, http:\/\/www.kyrreklam.com\/wp-content\/uploads\/547635128_2760445304312640_6099854605318346778_n-1.jpg 1600w\" sizes=\"auto, (max-width: 1024px) 100vw, 1024px\" \/><\/a><\/figure>\n\n\n\n<figure class=\"wp-block-image size-large\"><a href=\"http:\/\/www.kyrreklam.com\/wp-content\/uploads\/487714052_2594879154202590_89747131790117700_n.jpg\"><img loading=\"lazy\" decoding=\"async\" width=\"1024\" height=\"576\" data-id=\"979\" src=\"http:\/\/www.kyrreklam.com\/wp-content\/uploads\/487714052_2594879154202590_89747131790117700_n-1024x576.jpg\" alt=\"\" class=\"wp-image-979\" srcset=\"http:\/\/www.kyrreklam.com\/wp-content\/uploads\/487714052_2594879154202590_89747131790117700_n-1024x576.jpg 1024w, http:\/\/www.kyrreklam.com\/wp-content\/uploads\/487714052_2594879154202590_89747131790117700_n-300x169.jpg 300w, http:\/\/www.kyrreklam.com\/wp-content\/uploads\/487714052_2594879154202590_89747131790117700_n-768x432.jpg 768w, http:\/\/www.kyrreklam.com\/wp-content\/uploads\/487714052_2594879154202590_89747131790117700_n-1536x864.jpg 1536w, http:\/\/www.kyrreklam.com\/wp-content\/uploads\/487714052_2594879154202590_89747131790117700_n.jpg 2048w\" sizes=\"auto, (max-width: 1024px) 100vw, 1024px\" \/><\/a><\/figure>\n\n\n\n<figure class=\"wp-block-image size-large\"><a href=\"http:\/\/www.kyrreklam.com\/wp-content\/uploads\/549628215_2760445127645991_3881156328821288683_n.jpg\"><img loading=\"lazy\" decoding=\"async\" width=\"576\" height=\"1024\" data-id=\"1062\" src=\"http:\/\/www.kyrreklam.com\/wp-content\/uploads\/549628215_2760445127645991_3881156328821288683_n-576x1024.jpg\" alt=\"\" class=\"wp-image-1062\" srcset=\"http:\/\/www.kyrreklam.com\/wp-content\/uploads\/549628215_2760445127645991_3881156328821288683_n-576x1024.jpg 576w, http:\/\/www.kyrreklam.com\/wp-content\/uploads\/549628215_2760445127645991_3881156328821288683_n-169x300.jpg 169w, http:\/\/www.kyrreklam.com\/wp-content\/uploads\/549628215_2760445127645991_3881156328821288683_n-768x1365.jpg 768w, http:\/\/www.kyrreklam.com\/wp-content\/uploads\/549628215_2760445127645991_3881156328821288683_n-864x1536.jpg 864w, http:\/\/www.kyrreklam.com\/wp-content\/uploads\/549628215_2760445127645991_3881156328821288683_n.jpg 900w\" sizes=\"auto, (max-width: 576px) 100vw, 576px\" \/><\/a><\/figure>\n<\/figure>\n","protected":false},"excerpt":{"rendered":"<p>Bu sayfada temadaki dahili Lightbox \u00f6zelli\u011fi ile eklenen bir galeri g\u00f6rmektesiniz. Lightbox \u00f6zelli\u011fini tema ayarlar\u0131ndan pasif edip kendi Lighbox eklentinizi de kullanabilirsiniz. Ayn\u0131 galerinin yeni sayfada a\u00e7\u0131lan haline buradan ula\u015fabilirsiniz.<\/p>\n","protected":false},"author":1,"featured_media":0,"parent":0,"menu_order":0,"comment_status":"closed","ping_status":"closed","template":"","meta":{"footnotes":""},"class_list":["post-68","page","type-page","status-publish","hentry"],"aioseo_notices":[],"yoast_head":"<!-- This site is optimized with the Yoast SEO plugin v23.6 - https:\/\/yoast.com\/wordpress\/plugins\/seo\/ -->\n<title>Foto Galeri (Lightbox) - KYR Reklam<\/title>\n<meta name=\"robots\" content=\"index, follow, max-snippet:-1, max-image-preview:large, max-video-preview:-1\" \/>\n<link rel=\"canonical\" href=\"http:\/\/www.kyrreklam.com\/?page_id=68\" \/>\n<meta property=\"og:locale\" content=\"tr_TR\" \/>\n<meta property=\"og:type\" content=\"article\" \/>\n<meta property=\"og:title\" content=\"Foto Galeri (Lightbox) - KYR Reklam\" \/>\n<meta property=\"og:description\" content=\"Bu sayfada temadaki dahili Lightbox \u00f6zelli\u011fi ile eklenen bir galeri g\u00f6rmektesiniz. Lightbox \u00f6zelli\u011fini tema ayarlar\u0131ndan pasif edip kendi Lighbox eklentinizi de kullanabilirsiniz. Ayn\u0131 galerinin yeni sayfada a\u00e7\u0131lan haline buradan ula\u015fabilirsiniz.\" \/>\n<meta property=\"og:url\" content=\"http:\/\/www.kyrreklam.com\/?page_id=68\" \/>\n<meta property=\"og:site_name\" content=\"KYR Reklam\" \/>\n<meta property=\"article:modified_time\" content=\"2026-03-04T23:06:25+00:00\" \/>\n<meta property=\"og:image\" content=\"http:\/\/www.kyrreklam.com\/wp-content\/uploads\/20840828_588190194871506_1613676869663513605_n_588190194871506-1.jpg\" \/>\n\t<meta property=\"og:image:width\" content=\"960\" \/>\n\t<meta property=\"og:image:height\" content=\"720\" \/>\n\t<meta property=\"og:image:type\" content=\"image\/jpeg\" \/>\n<meta name=\"twitter:card\" content=\"summary_large_image\" \/>\n<meta name=\"twitter:label1\" content=\"Tahmini okuma s\u00fcresi\" \/>\n\t<meta name=\"twitter:data1\" content=\"4 dakika\" \/>\n<script type=\"application\/ld+json\" class=\"yoast-schema-graph\">{\"@context\":\"https:\/\/schema.org\",\"@graph\":[{\"@type\":\"WebPage\",\"@id\":\"http:\/\/www.kyrreklam.com\/?page_id=68\",\"url\":\"http:\/\/www.kyrreklam.com\/?page_id=68\",\"name\":\"Foto Galeri (Lightbox) - KYR Reklam\",\"isPartOf\":{\"@id\":\"http:\/\/www.kyrreklam.com\/#website\"},\"primaryImageOfPage\":{\"@id\":\"http:\/\/www.kyrreklam.com\/?page_id=68#primaryimage\"},\"image\":{\"@id\":\"http:\/\/www.kyrreklam.com\/?page_id=68#primaryimage\"},\"thumbnailUrl\":\"http:\/\/www.kyrreklam.com\/wp-content\/uploads\/20840828_588190194871506_1613676869663513605_n_588190194871506-1.jpg\",\"datePublished\":\"2020-06-03T17:11:05+00:00\",\"dateModified\":\"2026-03-04T23:06:25+00:00\",\"breadcrumb\":{\"@id\":\"http:\/\/www.kyrreklam.com\/?page_id=68#breadcrumb\"},\"inLanguage\":\"tr\",\"potentialAction\":[{\"@type\":\"ReadAction\",\"target\":[\"http:\/\/www.kyrreklam.com\/?page_id=68\"]}]},{\"@type\":\"ImageObject\",\"inLanguage\":\"tr\",\"@id\":\"http:\/\/www.kyrreklam.com\/?page_id=68#primaryimage\",\"url\":\"http:\/\/www.kyrreklam.com\/wp-content\/uploads\/20840828_588190194871506_1613676869663513605_n_588190194871506-1.jpg\",\"contentUrl\":\"http:\/\/www.kyrreklam.com\/wp-content\/uploads\/20840828_588190194871506_1613676869663513605_n_588190194871506-1.jpg\"},{\"@type\":\"BreadcrumbList\",\"@id\":\"http:\/\/www.kyrreklam.com\/?page_id=68#breadcrumb\",\"itemListElement\":[{\"@type\":\"ListItem\",\"position\":1,\"name\":\"Anasayfa\",\"item\":\"http:\/\/www.kyrreklam.com\/\"},{\"@type\":\"ListItem\",\"position\":2,\"name\":\"Foto Galeri (Lightbox)\"}]},{\"@type\":\"WebSite\",\"@id\":\"http:\/\/www.kyrreklam.com\/#website\",\"url\":\"http:\/\/www.kyrreklam.com\/\",\"name\":\"KYR Reklam\",\"description\":\"\",\"potentialAction\":[{\"@type\":\"SearchAction\",\"target\":{\"@type\":\"EntryPoint\",\"urlTemplate\":\"http:\/\/www.kyrreklam.com\/?s={search_term_string}\"},\"query-input\":{\"@type\":\"PropertyValueSpecification\",\"valueRequired\":true,\"valueName\":\"search_term_string\"}}],\"inLanguage\":\"tr\"}]}<\/script>\n<!-- \/ Yoast SEO plugin. -->","yoast_head_json":{"title":"Foto Galeri (Lightbox) - KYR Reklam","robots":{"index":"index","follow":"follow","max-snippet":"max-snippet:-1","max-image-preview":"max-image-preview:large","max-video-preview":"max-video-preview:-1"},"canonical":"http:\/\/www.kyrreklam.com\/?page_id=68","og_locale":"tr_TR","og_type":"article","og_title":"Foto Galeri (Lightbox) - KYR Reklam","og_description":"Bu sayfada temadaki dahili Lightbox \u00f6zelli\u011fi ile eklenen bir galeri g\u00f6rmektesiniz. Lightbox \u00f6zelli\u011fini tema ayarlar\u0131ndan pasif edip kendi Lighbox eklentinizi de kullanabilirsiniz. Ayn\u0131 galerinin yeni sayfada a\u00e7\u0131lan haline buradan ula\u015fabilirsiniz.","og_url":"http:\/\/www.kyrreklam.com\/?page_id=68","og_site_name":"KYR Reklam","article_modified_time":"2026-03-04T23:06:25+00:00","og_image":[{"width":960,"height":720,"url":"http:\/\/www.kyrreklam.com\/wp-content\/uploads\/20840828_588190194871506_1613676869663513605_n_588190194871506-1.jpg","type":"image\/jpeg"}],"twitter_card":"summary_large_image","twitter_misc":{"Tahmini okuma s\u00fcresi":"4 dakika"},"schema":{"@context":"https:\/\/schema.org","@graph":[{"@type":"WebPage","@id":"http:\/\/www.kyrreklam.com\/?page_id=68","url":"http:\/\/www.kyrreklam.com\/?page_id=68","name":"Foto Galeri (Lightbox) - KYR Reklam","isPartOf":{"@id":"http:\/\/www.kyrreklam.com\/#website"},"primaryImageOfPage":{"@id":"http:\/\/www.kyrreklam.com\/?page_id=68#primaryimage"},"image":{"@id":"http:\/\/www.kyrreklam.com\/?page_id=68#primaryimage"},"thumbnailUrl":"http:\/\/www.kyrreklam.com\/wp-content\/uploads\/20840828_588190194871506_1613676869663513605_n_588190194871506-1.jpg","datePublished":"2020-06-03T17:11:05+00:00","dateModified":"2026-03-04T23:06:25+00:00","breadcrumb":{"@id":"http:\/\/www.kyrreklam.com\/?page_id=68#breadcrumb"},"inLanguage":"tr","potentialAction":[{"@type":"ReadAction","target":["http:\/\/www.kyrreklam.com\/?page_id=68"]}]},{"@type":"ImageObject","inLanguage":"tr","@id":"http:\/\/www.kyrreklam.com\/?page_id=68#primaryimage","url":"http:\/\/www.kyrreklam.com\/wp-content\/uploads\/20840828_588190194871506_1613676869663513605_n_588190194871506-1.jpg","contentUrl":"http:\/\/www.kyrreklam.com\/wp-content\/uploads\/20840828_588190194871506_1613676869663513605_n_588190194871506-1.jpg"},{"@type":"BreadcrumbList","@id":"http:\/\/www.kyrreklam.com\/?page_id=68#breadcrumb","itemListElement":[{"@type":"ListItem","position":1,"name":"Anasayfa","item":"http:\/\/www.kyrreklam.com\/"},{"@type":"ListItem","position":2,"name":"Foto Galeri (Lightbox)"}]},{"@type":"WebSite","@id":"http:\/\/www.kyrreklam.com\/#website","url":"http:\/\/www.kyrreklam.com\/","name":"KYR Reklam","description":"","potentialAction":[{"@type":"SearchAction","target":{"@type":"EntryPoint","urlTemplate":"http:\/\/www.kyrreklam.com\/?s={search_term_string}"},"query-input":{"@type":"PropertyValueSpecification","valueRequired":true,"valueName":"search_term_string"}}],"inLanguage":"tr"}]}},"_links":{"self":[{"href":"http:\/\/www.kyrreklam.com\/index.php?rest_route=\/wp\/v2\/pages\/68","targetHints":{"allow":["GET"]}}],"collection":[{"href":"http:\/\/www.kyrreklam.com\/index.php?rest_route=\/wp\/v2\/pages"}],"about":[{"href":"http:\/\/www.kyrreklam.com\/index.php?rest_route=\/wp\/v2\/types\/page"}],"author":[{"embeddable":true,"href":"http:\/\/www.kyrreklam.com\/index.php?rest_route=\/wp\/v2\/users\/1"}],"replies":[{"embeddable":true,"href":"http:\/\/www.kyrreklam.com\/index.php?rest_route=%2Fwp%2Fv2%2Fcomments&post=68"}],"version-history":[{"count":5,"href":"http:\/\/www.kyrreklam.com\/index.php?rest_route=\/wp\/v2\/pages\/68\/revisions"}],"predecessor-version":[{"id":1127,"href":"http:\/\/www.kyrreklam.com\/index.php?rest_route=\/wp\/v2\/pages\/68\/revisions\/1127"}],"wp:attachment":[{"href":"http:\/\/www.kyrreklam.com\/index.php?rest_route=%2Fwp%2Fv2%2Fmedia&parent=68"}],"curies":[{"name":"wp","href":"https:\/\/api.w.org\/{rel}","templated":true}]}}